e 12?
51b04
What is 32352414 (base 6) in base 15?
140744
-11010101100000011 (base 2) to base 3
-12112221201
What is -1e9564 (base 15) in base 13?
-406810
3de1a4 (base 15) to base 13
806212
Convert 161a43 (base 16) to base 8.
5415103
Convert 10100101000010100 (base 2) to base 5.
10201000
What is 5030061 (base 8) in base 7?
14150211
-5aa0a (base 13) to base 3
-22110100202
Convert -28a562a (base 11) to base 9.
-10337551
10110001101110111111 (base 2) to base 12
2b1367
Convert -11a31cc (base 13) to base 3.
-101022221202001
326341 (base 8) to base 7
635045
57dcd (base 15) to base 10
279868
Convert 159727 (base 10) to base 3.
22010002211
-324651 (base 7) to base 14
-16a61
Convert -1b591c (base 15) to base 3.
-2111211112000
Convert -51643 (base 7) to base 3.
-122101101
What is 22130132302 (base 4) in base 14?
513bc6
Convert -2311033303 (base 4) to base 7.
-6211252
-7ef3 (base 16) to base 9
-48520
What is -175a7b (base 12) in base 14?
-a7407
Convert 42c641 (base 13) to base 12.
6384a5
What is 10141112424 (base 5) in base 14?
157049b
432186 (base 9) to base 13
90285
Convert 30b49 (base 12) to base 3.
10020120210
-15543011 (base 6) to base 14
-107487
236009 (base 14) to base 3
2021100012101
Convert 52c26 (base 13) to base 6.
3111003
11001101001010011 (base 2) to base 13
38a73
Convert 10263005 (base 7) to base 2.
11010101000010010101
Convert 67154 (base 8) to base 12.
14438
Convert -1000412412 (base 5) to base 16.
-1e020f
Convert 10111000100001011011 (base 2) to base 3.
1102101202201
Convert -1288097 (base 10) to base 6.
-43335225
Convert -43334143 (base 5) to base 3.
-200212011011
What is -3138a5 (base 13) in base 10?
-1150518
-1a6a52 (base 11) to base 15
-63c94
What is 5128468 (base 9) in base 12?
abb122
223321031 (base 6) to base 8
17452753
What is 52042a (base 11) in base 2?
11001011110111101101
What is -37b7372 (base 12) in base 14?
-164b0b4
Convert -41454535 (base 6) to base 13.
-332663
What is 1c4535 (base 14) in base 2?
11110110110010000011
e8217 (base 15) to base 12
2b607a
11422430313 (base 5) to base 10
13483208
Convert -854365 (base 9) to base 16.
-7c1ff
What is -47831 (base 10) in base 12?
-2381b
Convert -211100131 (base 4) to base 11.
-a4722
959b6 (base 13) to base 11
1746a6
What is -10110024341 (base 5) in base 12?
-35178a5
What is -242430 (base 9) in base 11?
-9a895
-3315131 (base 6) to base 5
-20300402
What is -7985 (base 15) in base 12?
-12abb
What is 1c108 (base 15) in base 10?
91358
Convert -100220020032 (base 4) to base 12.
-1562466
-200200222121 (base 3) to base 11
-231648
What is -1001100111110011 (base 2) in base 4?
-21213303
What is -10433122 (base 6) in base 9?
-530855
-464240 (base 8) to base 9
-260475
Convert 682d7 (base 14) to base 9.
425073
-41073 (base 12) to base 15
-1a1a9
What is 1372651 (base 10) in base 12?
562437
What is -1080a96 (base 11) in base 12?
-771904
-5355760 (base 8) to base 5
-331320220
What is -4324043 (base 6) in base 10?
-213435
-332325 (base 9) to base 13
-6c4b5
412044420 (base 6) to base 9
14317453
Convert 40b243 (base 12) to base 3.
1220112212120
Convert -98094 (base 10) to base 9.
-158503
What is 756323 (base 8) in base 15?
5000e
361162 (base 9) to base 14
59311
What is -99a665 (base 13) in base 4?
-31310031321
-2211302 (base 5) to base 9
-57515
Convert -b975a0 (base 12) to base 7.
-33650562
Convert -264027 (base 11) to base 2.
-1100101011001000101
What is 3520299 (base 10) in base 12?
1219263
13677 (base 9) to base 3
110202121
What is 2902cc8 (base 13) in base 6?
1142401413
1220111001022 (base 3) to base 5
224411340
Convert -24a59 (base 15) to base 11.
-7aa70
Convert 10247237 (base 8) to base 13.
5b570b
Convert 101001100100101111 (base 2) to base 7.
1306315
11011110000100 (base 2) to base 15
4327
What is -256610 (base 8) in base 4?
-111312020
131122120 (base 4) to base 7
1011142
51159c (base 13) to base 7
22022643
277260 (base 8) to base 14
279ba
Convert 18d185 (base 14) to base 11.
552014
Convert 1110010011111000100000 (base 2) to base 14.
6d9212
-22110220 (base 4) to base 5
-2323110
What is -23421224 (base 6) in base 15?
-e767a
Convert 11101001011001011000 (base 2) to base 3.
1210120101010
-4a8014 (base 11) to base 16
-c39fd
Convert 114903 (base 10) to base 16.
1c0d7
Convert 145a3 (base 13) to base 11.
26883
-3000211 (base 5) to base 11
-32295
What is 22163d (base 15) in base 10?
1624783
3175350 (base 10) to base 15
42aca0
Convert -202130330 (base 4) to base 6.
-3005152
-111101100010100000 (base 2) to base 6
-5222544
313a6 (base 11) to base 15
d83d
176446 (base 8) to base 6
1220010
-48344b (base 12) to base 15
-180bc5
Convert -1302660 (base 7) to base 14.
-458a0
Convert -20031330 (base 4) to base 13.
-12423
What is -5620634 (base 7) in base 10?
-694208
-1173a2 (base 14) to base 6
-20440030
10aa160 (base 11) to base 16
1d78cc
Convert -93178 (base 12) to base 10.
-192044
-78863 (base 11) to base 5
-12123142
What is 102002111020 (base 3) in base 8?
652330
Convert 10001001000010110 (base 2) to base 10.
70166
Convert -3121333030 (base 4) to base 6.
-31045404
Convert 15505310 (base 6) to base 8.
2070512
Convert 2030364 (base 8) to base 9.
1007336
2306214 (base 7) to base 6
10100450
102654160 (base 7) to base 10
6114409
Convert -1220012120201 (base 3) to base 11.
-629285
Convert 1233312233 (base 4) to base 2.
1101111110110101111
What is -15573879 (base 10) in base 2?
-111011011010001101110111
-c80bb (base 13) to base 16
-5800e
What is 3884011 (base 11) in base 15?
8ccb55
1bd1c0 (base 15) to base 9
2503260
What is 785550 (base 10) in base 8?
2776216
-39699d (base 14) to base 15
-290e3d
What is 293416 (base 16) in base 14?
504114
-3424313 (base 5) to base 4
-32330120
12201210213 (base 4) to base 9
3186166
What is 3110013110 (base 4) in base 2?
11010100000111010100
1266233 (base 7) to base 6
3333025
a3b553 (base 13) to base 6
213542141
767221 (base 16) to base 12
2724201
444131 (base 5) to base 10
15541
Convert -81848 (base 13) to base 8.
-705241
-3006531 (base 9) to base 12
-65150a
Convert -13114d (base 15) to base 9.
-1644031
Convert -10613 (base 16) to base 3.
-10102000212
11000110110101100010 (base 2) to base 7
6631305
Convert 1bb90 (base 15) to base 6.
1534200
Convert -11110000011001110 (base 2) to base 9.
-206752
Convert -147d06 (base 14) to base 15.
-e1500
Convert 21364463 (base 8) to base 9.
8552788
-27727143 (base 8) to base 6
-342222215
203302200 (base 5) to base 7
10056365
Convert 11110213201 (base 4) to base 10.
1395169
Convert -28673b (base 15) to base 9.
-3584812
-21450124 (base 6) to base 3
-1012201121221
-11430233 (base 5) to base 2
-11010011010100001
Convert 761989 (base 11) to base 2.
100101001010010111000
Convert 5230555 (base 6) to base 14.
6826b
What is -210011300 (base 4) in base 9?
-244688
What is 83b22 (base 13) in base 5?
30040331
12654321 (base 7) to base 13
32101b
Convert 633a42 (base 11) to base 13.
297299
What is -21323120320 (base 4) in base 14?
-4ba648
-22404 (base 5) to base 10
-1604
Convert -1016316 (base 7) to base 2.
-11101110110011100
1885741 (base 9) to base 16
102eda
Convert -4f67a8 (base 16) to base 15.
-6cbd55
Convert 2097 (base 11) to base 10.
2768
Convert 69c919 (base 14) to base 8.
15605553
What is -145349 (base 11) in base 3?
-102111221210
6065a (base 15) to base 4
1022200201
Convert 20020110011012 (base 3) to base 15.
457605
406d34 (base 15) to base 6
145334004
-37bdc (base 14) to base 7
-1106565
Convert 637880 (base 9) to base 13.
103b45
Convert 3034031 (base 13) to base 8.
67462532
What is -23033020 (base 4) in base 15?
-d984
Convert 220012010310 (base 4) to base 3.
201202222220010
Convert 209257 (base 10) to base 6.
4252441
1852806 (base 9) to base 16
fd99e
What is a652 (base 12) in base 4?
10130132
What is 388409 (base 12) in base 16?
e2449
What is -1a04531 (base 11) in base 3?
-20101010111202
Convert -474837 (base 10) to base 12.
-1aa959
559b (base 16) to base 2
101010110011011
What is 1100244 (base 7) in base 6?
2515030
Convert 20212002 (base 5) to base 3.
22022010000
What is -614821 (base 9) in base 13?
-c9b59
What is 121120320210 (base 4) in base 13?
14c04a5
1605168 (base 9) to base 5
211431043
Convert 110a88 (base 13) to base 7.
3262003
-2666090 (base 12) to base 10
-7599852
Convert 2134fd (base 16) to base 13.
5b2731
What is 63543411 (base 7) in base 